{"id":1367,"date":"2018-06-09T13:55:52","date_gmt":"2018-06-09T16:55:52","guid":{"rendered":"https:\/\/npj.jur.puc-rio.br\/?page_id=1367"},"modified":"2024-11-29T09:44:49","modified_gmt":"2024-11-29T12:44:49","slug":"quem-somos","status":"publish","type":"page","link":"https:\/\/npj.jur.puc-rio.br\/?page_id=1367","title":{"rendered":"Quem somos"},"content":{"rendered":"\t\t<div data-elementor-type=\"wp-page\" data-elementor-id=\"1367\" class=\"elementor elementor-1367\">\n\t\t\t\t\t\t<section class=\"elementor-section elementor-top-section elementor-element elementor-element-29cb4072 elementor-section-boxed elementor-section-height-default elementor-section-height-default\" data-id=\"29cb4072\" data-element_type=\"section\" data-e-type=\"section\">\n\t\t\t\t\t\t<div class=\"elementor-container elementor-column-gap-default\">\n\t\t\t\t\t<div class=\"elementor-column elementor-col-100 elementor-top-column elementor-element elementor-element-3ca85099\" data-id=\"3ca85099\" data-element_type=\"column\" data-e-type=\"column\">\n\t\t\t<div class=\"elementor-widget-wrap elementor-element-populated\">\n\t\t\t\t\t\t<div class=\"elementor-element elementor-element-4db8b6df elementor-widget elementor-widget-text-editor\" data-id=\"4db8b6df\" data-element_type=\"widget\" data-e-type=\"widget\" data-widget_type=\"text-editor.default\">\n\t\t\t\t<div class=\"elementor-widget-container\">\n\t\t\t\t\t\t\t\t\t<p align=\"justify\">O <strong>N\u00facleo de Pr\u00e1tica Jur\u00eddica<\/strong> \u00e9 o \u00f3rg\u00e3o do Departamento de Direito cuja finalidade \u00e9 proporcionar aos alunos do Curso de Gradua\u00e7\u00e3o em Direito da PUC-Rio o Est\u00e1gio de Pr\u00e1tica Jur\u00eddica (curricular \u2013 MEC) e o Est\u00e1gio Profissional de Advocacia (extracurricular \u2013 OAB), de acordo com as respectivas normas vigentes.<\/p><p align=\"justify\">O Est\u00e1gio de Pr\u00e1tica Jur\u00eddica da PUC-Rio \u00e9 atualmente prestado pelos alunos do Curso de Gradua\u00e7\u00e3o em Direito atrav\u00e9s da matr\u00edcula nas disciplinas Est\u00e1gio Supervisionado I, consistente em Pr\u00e1tica de Processo Civil, Est\u00e1gio Supervisionado II, cujo conte\u00fado \u00e9 a Pr\u00e1tica do Processo Penal, Est\u00e1gio Supervisionado III, em que se ministra a Pr\u00e1tica do Processo do Trabalho, Est\u00e1gio Supervisionado IV, com a pr\u00e1tica de M\u00e9todos Alternativos de Solu\u00e7\u00e3o de Conflitos e, por fim, Est\u00e1gio Supervisionado V, em que s\u00e3o oferecidas disciplinas voltadas para o aperfei\u00e7oamento do tiroc\u00ednio adquirido com a frequ\u00eancia \u00e0s disciplinas antecedentes, para que se ofere\u00e7am atividades Pr\u00e1ticas em Direito de Fam\u00edlia, Direito das Sucess\u00f5es, Procedimentos Especiais em Processo Penal, Procedimentos Especiais em Processo Civil, Contratos Especiais em Direito do Trabalho, rela\u00e7\u00f5es jur\u00eddicas por meio digital e M\u00e9todos Alternativos de Resolu\u00e7\u00e3o de Conflitos.\u00a0<\/p><p align=\"justify\">A pr\u00e1tica jur\u00eddica \u00e9 efetivada por meio de plant\u00f5es realizados no escrit\u00f3rio, mediante a formula\u00e7\u00e3o de pe\u00e7as processuais e extraprocessuais a partir de estudos de casos concretos ou fict\u00edcios propostos pelos Professores-Orientadores. Al\u00e9m disto, s\u00e3o realizadas simula\u00e7\u00f5es de atos processuais, debates e palestras, e, ao menos uma vez em cada semestre, uma sess\u00e3o de j\u00fari simulado.<\/p><p align=\"justify\">Integra ainda o ensino da pr\u00e1tica jur\u00eddica a frequ\u00eancia a plant\u00f5es de atendimento, no Escrit\u00f3rio Modelo de Advocacia, participando, sob a supervis\u00e3o dos Professores-Orientadores, da assist\u00eancia jur\u00eddica gratuita que a PUC-RIO presta a pessoas carentes residentes nas comunidades situadas no entorno do Campus, bem assim atrav\u00e9s de conv\u00eanios celebrados com outras entidades, como a Justi\u00e7a Federal de Primeira Inst\u00e2ncia, o Rotary Clube de S\u00e3o Conrado e os programas de servi\u00e7o social integrantes do sistema da pr\u00f3pria Universidade.<\/p><p align=\"justify\">O NPJ mant\u00e9m tamb\u00e9m o conv\u00eanio de coopera\u00e7\u00e3o t\u00e9cnica com a Secretaria de Estado de Defesa do Consumidor, funcionando em suas instala\u00e7\u00f5es um posto avan\u00e7ado de atendimento do programa PROCON ON LINE, do qual participam alunos estagi\u00e1rios-bolsistas, que atuam como conciliadores, promovendo a solu\u00e7\u00e3o de conflitos de interesses verificados entre consumidores e fornecedores de produtos e servi\u00e7os.<\/p><p align=\"justify\">O Escrit\u00f3rio Modelo de Advocacia destina-se ainda \u00e0 realiza\u00e7\u00e3o de Est\u00e1gio Profissional, consoante as regras tra\u00e7adas no Estatuto e Resolu\u00e7\u00f5es da Ordem dos Advogados do Brasil, para os alunos de gradua\u00e7\u00e3o em Direito que assim o desejem.<\/p>\t\t\t\t\t\t\t\t<\/div>\n\t\t\t\t<\/div>\n\t\t\t\t\t<\/div>\n\t\t<\/div>\n\t\t\t\t\t<\/div>\n\t\t<\/section>\n\t\t\t\t<\/div>\n\t\t","protected":false},"excerpt":{"rendered":"<p>O N\u00facleo de Pr\u00e1tica Jur\u00eddica \u00e9 o \u00f3rg\u00e3o do Departamento de Direito cuja finalidade \u00e9 proporcionar aos alunos do Curso de Gradua\u00e7\u00e3o em Direito da PUC-Rio o Est\u00e1gio de Pr\u00e1tica&#8230;<\/p>\n","protected":false},"author":1,"featured_media":0,"parent":0,"menu_order":0,"comment_status":"closed","ping_status":"closed","template":"","meta":{"footnotes":""},"class_list":["post-1367","page","type-page","status-publish","hentry"],"_links":{"self":[{"href":"https:\/\/npj.jur.puc-rio.br\/index.php?rest_route=\/wp\/v2\/pages\/1367","targetHints":{"allow":["GET"]}}],"collection":[{"href":"https:\/\/npj.jur.puc-rio.br\/index.php?rest_route=\/wp\/v2\/pages"}],"about":[{"href":"https:\/\/npj.jur.puc-rio.br\/index.php?rest_route=\/wp\/v2\/types\/page"}],"author":[{"embeddable":true,"href":"https:\/\/npj.jur.puc-rio.br\/index.php?rest_route=\/wp\/v2\/users\/1"}],"replies":[{"embeddable":true,"href":"https:\/\/npj.jur.puc-rio.br\/index.php?rest_route=%2Fwp%2Fv2%2Fcomments&post=1367"}],"version-history":[{"count":7,"href":"https:\/\/npj.jur.puc-rio.br\/index.php?rest_route=\/wp\/v2\/pages\/1367\/revisions"}],"predecessor-version":[{"id":2668,"href":"https:\/\/npj.jur.puc-rio.br\/index.php?rest_route=\/wp\/v2\/pages\/1367\/revisions\/2668"}],"wp:attachment":[{"href":"https:\/\/npj.jur.puc-rio.br\/index.php?rest_route=%2Fwp%2Fv2%2Fmedia&parent=1367"}],"curies":[{"name":"wp","href":"https:\/\/api.w.org\/{rel}","templated":true}]}}