{"id":1131,"date":"2018-01-05T13:38:57","date_gmt":"2018-01-05T15:38:57","guid":{"rendered":"http:\/\/npj.jur.puc-rio.br\/?page_id=1131"},"modified":"2024-10-21T17:25:57","modified_gmt":"2024-10-21T20:25:57","slug":"procon","status":"publish","type":"page","link":"https:\/\/npj.jur.puc-rio.br\/?page_id=1131","title":{"rendered":"PROCON"},"content":{"rendered":"\t\t<div data-elementor-type=\"wp-post\" data-elementor-id=\"1131\" class=\"elementor elementor-1131\">\n\t\t\t\t\t\t<section class=\"elementor-section elementor-top-section elementor-element elementor-element-478dc52 elementor-section-boxed elementor-section-height-default elementor-section-height-default\" data-id=\"478dc52\" data-element_type=\"section\" data-e-type=\"section\">\n\t\t\t\t\t\t<div class=\"elementor-container elementor-column-gap-default\">\n\t\t\t\t\t<div class=\"elementor-column elementor-col-50 elementor-top-column elementor-element elementor-element-d1db3c8\" data-id=\"d1db3c8\" data-element_type=\"column\" data-e-type=\"column\">\n\t\t\t<div class=\"elementor-widget-wrap elementor-element-populated\">\n\t\t\t\t\t\t<div class=\"elementor-element elementor-element-5fa3f84 elementor-widget elementor-widget-text-editor\" data-id=\"5fa3f84\" data-element_type=\"widget\" data-e-type=\"widget\" data-widget_type=\"text-editor.default\">\n\t\t\t\t<div class=\"elementor-widget-container\">\n\t\t\t\t\t\t\t\t\t<h1>Posto avan\u00e7ado PUC-RIO<\/h1>\n<p align=\"justify\">No Escrit\u00f3rio Modelo de Advocacia da PUC-Rio funciona um Posto Avan\u00e7ado do PROCON \u2013 Programa de Defesa do Consumidor, pelo qual qualquer cidad\u00e3o pode registrar queixas e reclama\u00e7\u00f5es contra fornecedores de produtos e servi\u00e7os.<\/p>\n<p align=\"justify\"><span style=\"letter-spacing: 0px;\">O atendimento \u00e9 feito por Alunos do Curso de Direito. Ap\u00f3s o registro da reclama\u00e7\u00e3o, \u00e9 marcada uma audi\u00eancia de concilia\u00e7\u00e3o entre o consumidor e o fornecedor, para resolver o problema. A maioria dos casos \u00e9 resolvida por meio de acordo.<\/span><\/p>\n<p align=\"justify\">Voc\u00ea poder\u00e1 tamb\u00e9m fazer suas reclama\u00e7\u00f5es ao DISQUE PROCON, atrav\u00e9s do telefone 151.<\/p>\n<h1 align=\"justify\">Funcionamento:<\/h1>\n<div>O posto avan\u00e7ado da PUC-Rio s\u00f3 realiza atendimentos mediante agendamento, esse agendamento pode ser solicitado via telefone nos n\u00fameros: 3736-1398 \/ 3736-1399.<\/div>\n<div>&nbsp;<\/div>\n<p><b style=\"letter-spacing: 0px;\">Hor\u00e1rios de atendimento:<\/b><\/p>\n<p align=\"justify\">De segunda a sexta &#8211; 14:30 \u00e0s 18:00 horas<\/p>\n<p align=\"justify\"><span style=\"letter-spacing: 0px;\">Maiores Informa\u00e7\u00f5es no site&nbsp; &nbsp;<\/span><a style=\"background-color: #ffffff; letter-spacing: 0px;\" href=\"http:\/\/www.procon.rj.gov.br\/\">http:\/\/www.procon.rj.gov.br\/<\/a><\/p>\t\t\t\t\t\t\t\t<\/div>\n\t\t\t\t<\/div>\n\t\t\t\t\t<\/div>\n\t\t<\/div>\n\t\t\t\t<div class=\"elementor-column elementor-col-50 elementor-top-column elementor-element elementor-element-7c59d95\" data-id=\"7c59d95\" data-element_type=\"column\" data-e-type=\"column\">\n\t\t\t<div class=\"elementor-widget-wrap elementor-element-populated\">\n\t\t\t\t\t\t<div class=\"elementor-element elementor-element-10a09bf elementor-widget elementor-widget-heading\" data-id=\"10a09bf\" data-element_type=\"widget\" data-e-type=\"widget\" data-widget_type=\"heading.default\">\n\t\t\t\t<div class=\"elementor-widget-container\">\n\t\t\t\t\t<p class=\"elementor-heading-title elementor-size-default\"><strong>Veja tamb\u00e9m<\/strong><\/p>\t\t\t\t<\/div>\n\t\t\t\t<\/div>\n\t\t\t\t\t<\/div>\n\t\t<\/div>\n\t\t\t\t\t<\/div>\n\t\t<\/section>\n\t\t\t\t<section class=\"elementor-section elementor-top-section elementor-element elementor-element-8a33bc0 elementor-section-boxed elementor-section-height-default elementor-section-height-default\" data-id=\"8a33bc0\" data-element_type=\"section\" data-e-type=\"section\">\n\t\t\t\t\t\t<div class=\"elementor-container elementor-column-gap-default\">\n\t\t\t\t\t<div class=\"elementor-column elementor-col-100 elementor-top-column elementor-element elementor-element-d2103ee\" data-id=\"d2103ee\" data-element_type=\"column\" data-e-type=\"column\">\n\t\t\t<div class=\"elementor-widget-wrap\">\n\t\t\t\t\t\t\t<\/div>\n\t\t<\/div>\n\t\t\t\t\t<\/div>\n\t\t<\/section>\n\t\t\t\t<\/div>\n\t\t","protected":false},"excerpt":{"rendered":"<p>Posto avan\u00e7ado PUC-RIO No Escrit\u00f3rio Modelo de Advocacia da PUC-Rio funciona um Posto Avan\u00e7ado do PROCON \u2013 Programa de Defesa do Consumidor, pelo qual qualquer cidad\u00e3o pode registrar queixas e&#8230;<\/p>\n","protected":false},"author":1,"featured_media":0,"parent":0,"menu_order":0,"comment_status":"closed","ping_status":"closed","template":"","meta":{"footnotes":""},"class_list":["post-1131","page","type-page","status-publish","hentry"],"_links":{"self":[{"href":"https:\/\/npj.jur.puc-rio.br\/index.php?rest_route=\/wp\/v2\/pages\/1131","targetHints":{"allow":["GET"]}}],"collection":[{"href":"https:\/\/npj.jur.puc-rio.br\/index.php?rest_route=\/wp\/v2\/pages"}],"about":[{"href":"https:\/\/npj.jur.puc-rio.br\/index.php?rest_route=\/wp\/v2\/types\/page"}],"author":[{"embeddable":true,"href":"https:\/\/npj.jur.puc-rio.br\/index.php?rest_route=\/wp\/v2\/users\/1"}],"replies":[{"embeddable":true,"href":"https:\/\/npj.jur.puc-rio.br\/index.php?rest_route=%2Fwp%2Fv2%2Fcomments&post=1131"}],"version-history":[{"count":9,"href":"https:\/\/npj.jur.puc-rio.br\/index.php?rest_route=\/wp\/v2\/pages\/1131\/revisions"}],"predecessor-version":[{"id":2631,"href":"https:\/\/npj.jur.puc-rio.br\/index.php?rest_route=\/wp\/v2\/pages\/1131\/revisions\/2631"}],"wp:attachment":[{"href":"https:\/\/npj.jur.puc-rio.br\/index.php?rest_route=%2Fwp%2Fv2%2Fmedia&parent=1131"}],"curies":[{"name":"wp","href":"https:\/\/api.w.org\/{rel}","templated":true}]}}